{"id":42338,"date":"2024-01-30T09:51:07","date_gmt":"2024-01-30T08:51:07","guid":{"rendered":"https:\/\/www.frieslandhollandtravel.nl\/fahrradverleih\/"},"modified":"2024-11-25T12:27:21","modified_gmt":"2024-11-25T11:27:21","slug":"fahrradverleih","status":"publish","type":"page","link":"https:\/\/www.frieslandhollandtravel.nl\/de\/fahrradverleih\/","title":{"rendered":"Fahrradverleih"},"content":{"rendered":"\n<style type=\"text\/css\" data-created_by=\"avia_inline_auto\" id=\"style-css-av-ls04gbuz-775f731d1687a56d4c735b239080e7bf\">\n.avia-section.av-ls04gbuz-775f731d1687a56d4c735b239080e7bf{\nbackground-image:url(https:\/\/www.frieslandhollandtravel.nl\/wp-content\/uploads\/2024\/01\/header-ameland-fietsen.jpg);\nbackground-position:50% 50%;\n}\n<\/style>\n<div id='av_section_1'  class='avia-section av-ls04gbuz-775f731d1687a56d4c735b239080e7bf avia-section- avia-  avia-builder-el-0  el_before_av_section  avia-builder-el-first  vdlp-header avia-bg-style- container_wrap fullsize'  data-section-bg-repeat=''><div class='container av-section-cont-open' ><main  role=\"main\" itemprop=\"mainContentOfPage\"  class='template-page content  av-content-full alpha units'><div class='post-entry post-entry-type-page post-entry-42338'><div class='entry-content-wrapper clearfix'>\n<\/div><\/div><\/main><!-- close content main element --><\/div><\/div><div id='av_section_2'  class='avia-section av-34bzf12-d9fd4b63ac993ffc0977f43ccefd7441 main_color avia-section-default avia-no-border-styling  avia-builder-el-1  el_after_av_section  el_before_av_section  avia-bg-style-scroll container_wrap fullsize'  ><div class='container av-section-cont-open' ><div class='template-page content  av-content-full alpha units'><div class='post-entry post-entry-type-page post-entry-42338'><div class='entry-content-wrapper clearfix'>\n<div class='flex_column_table av-2ct3oxi-1f5a7be587904bbc20174d5d0aa18ca1 sc-av_three_fifth av-equal-height-column-flextable'>\n<style type=\"text\/css\" data-created_by=\"avia_inline_auto\" id=\"style-css-av-2ct3oxi-1f5a7be587904bbc20174d5d0aa18ca1\">\n.flex_column.av-2ct3oxi-1f5a7be587904bbc20174d5d0aa18ca1{\nborder-radius:0px 0px 0px 0px;\npadding:0px 0px 0px 0px;\n}\n<\/style>\n<div  class='flex_column av-2ct3oxi-1f5a7be587904bbc20174d5d0aa18ca1 av_three_fifth  avia-builder-el-2  el_before_av_two_fifth  avia-builder-el-first  first flex_column_table_cell av-equal-height-column av-align-top av-zero-column-padding  '     ><p>\n<style type=\"text\/css\" data-created_by=\"avia_inline_auto\" id=\"style-css-av-ls04fjjj-ce67ca258bd692b533d6898aaf898d61\">\n#top .av-special-heading.av-ls04fjjj-ce67ca258bd692b533d6898aaf898d61{\npadding-bottom:10px;\n}\nbody .av-special-heading.av-ls04fjjj-ce67ca258bd692b533d6898aaf898d61 .av-special-heading-tag .heading-char{\nfont-size:25px;\n}\n.av-special-heading.av-ls04fjjj-ce67ca258bd692b533d6898aaf898d61 .av-subheading{\nfont-size:15px;\n}\n<\/style>\n<div  class='av-special-heading av-ls04fjjj-ce67ca258bd692b533d6898aaf898d61 av-special-heading-h1 blockquote modern-quote  avia-builder-el-3  el_before_av_textblock  avia-builder-el-first  av-linked-heading'><h1 class='av-special-heading-tag '  itemprop=\"headline\"  >Fahrradverleih<\/h1><div class=\"special-heading-border\"><div class=\"special-heading-inner-border\"><\/div><\/div><\/div><br \/>\n<section  class='av_textblock_section av-ls04i85e-c3aeb3dd6a295648a04840b7ddb9c3f3 '   itemscope=\"itemscope\" itemtype=\"https:\/\/schema.org\/CreativeWork\" ><div class='avia_textblock vdlp-checklist'  itemprop=\"text\" ><p>Wir von Friesland Holland Travel wissen, dass ein unbeschwerter und komfortabler Fahrradurlaub mit den richtigen Mietr\u00e4dern beginnt. Deshalb bieten wir unseren G\u00e4sten einen umfassenden Mietservice f\u00fcr hochwertige Fahrr\u00e4der an, damit Sie Friesland in seiner ganzen Pracht erkunden k\u00f6nnen, ohne Ihr eigenes Fahrrad mitschleppen zu m\u00fcssen. Unsere Leihfahrr\u00e4der sind nicht einfach irgendwelche Fahrr\u00e4der, sondern Ihre Begleiter bei der Erkundung der wundersch\u00f6nen friesischen Landschaft. Was macht unseren Mietservice so besonders? <strong>Lieferung zum Startort:<\/strong> Ihr Leihfahrrad steht am Startort Ihrer Wahl f\u00fcr Sie bereit. Sie brauchen sich nicht um den Transport Ihres eigenen Fahrrads zu k\u00fcmmern, alles ist bereits erledigt. Sie k\u00f6nnen also sofort mit Ihrem Abenteuer beginnen. <strong>Qualit\u00e4t und Komfort:<\/strong> Unsere Fahrr\u00e4der sind von h\u00f6chster Qualit\u00e4t und perfekt gewartet. Egal, ob Sie sich f\u00fcr ein Stadtrad, ein E-Bike oder ein sportliches Tourenrad entscheiden, Sie k\u00f6nnen sich auf ein komfortables und zuverl\u00e4ssiges Fahrerlebnis verlassen. <strong>Pannenservice:<\/strong> Wir wissen, dass unerwartete Pannen auftreten k\u00f6nnen. Sollten Sie unterwegs Probleme mit Ihrem Mietfahrrad haben, machen Sie sich keine Sorgen. Wir haben einen ausgezeichneten Pannendienst, der daf\u00fcr sorgt, dass Sie schnell wieder auf der Stra\u00dfe sind. Im Falle einer Panne wird Ihnen ein Ersatzrad gebracht, so dass Sie Ihre Reise ohne Unterbrechung fortsetzen k\u00f6nnen. <strong>Individuelle Anpassung:<\/strong> Ihr Komfort und Ihre Sicherheit haben f\u00fcr uns Priorit\u00e4t. Deshalb passen wir das Leihfahrrad an Ihren K\u00f6rper und Ihre Bed\u00fcrfnisse an und sorgen so f\u00fcr eine perfekte Passform f\u00fcr eine problemlose Fahrradtour. \u00dcberlassen Sie es uns, sich um die Details zu k\u00fcmmern, damit Sie sich darauf konzentrieren k\u00f6nnen, diesen sch\u00f6nen Teil der Niederlande zu genie\u00dfen. Entscheiden Sie sich f\u00fcr Bequemlichkeit, Qualit\u00e4t und Komfort &#8211; w\u00e4hlen Sie unsere Mietfahrr\u00e4der bei Friesland Holland Travel. Entdecken Sie Friesland in Ihrem eigenen Tempo und lassen Sie sich von der Sch\u00f6nheit dieses einzigartigen Reiseziels \u00fcberraschen.<\/p>\n<\/div><\/section><\/p><\/div><div class='av-flex-placeholder'><\/div><div  class='flex_column av-25c66za-f1c9f98473d10f7ca4f2408ae85762b5 av_two_fifth  avia-builder-el-5  el_after_av_three_fifth  avia-builder-el-last  flex_column_table_cell av-equal-height-column av-align-top  '     ><\/div><\/div><!--close column table wrapper. Autoclose: 1 -->\n\n<p><\/div><\/div><\/div><!-- close content main div --><\/div><\/div>\n<style type=\"text\/css\" data-created_by=\"avia_inline_auto\" id=\"style-css-av-12d1xme-05326a40170ab091c8a2ef5fb36122f3\">\n.avia-section.av-12d1xme-05326a40170ab091c8a2ef5fb36122f3{\nbackground-color:#edf4fb;\nbackground-image:unset;\n}\n<\/style>\n<div id='av_section_3'  class='avia-section av-12d1xme-05326a40170ab091c8a2ef5fb36122f3 main_color avia-section-default avia-no-border-styling  avia-builder-el-7  el_after_av_section  el_before_av_section  avia-bg-style-scroll container_wrap fullsize'  ><div class='container av-section-cont-open' ><div class='template-page content  av-content-full alpha units'><div class='post-entry post-entry-type-page post-entry-42338'><div class='entry-content-wrapper clearfix'>\n\n<style type=\"text\/css\" data-created_by=\"avia_inline_auto\" id=\"style-css-av-ls04iwwj-c6fce8e907d037ce42b7d4f8b6351e58\">\n#top .av-special-heading.av-ls04iwwj-c6fce8e907d037ce42b7d4f8b6351e58{\npadding-bottom:10px;\n}\nbody .av-special-heading.av-ls04iwwj-c6fce8e907d037ce42b7d4f8b6351e58 .av-special-heading-tag .heading-char{\nfont-size:25px;\n}\n.av-special-heading.av-ls04iwwj-c6fce8e907d037ce42b7d4f8b6351e58 .av-subheading{\nfont-size:15px;\n}\n<\/style>\n<div  class='av-special-heading av-ls04iwwj-c6fce8e907d037ce42b7d4f8b6351e58 av-special-heading-h2 blockquote modern-quote  avia-builder-el-8  el_before_av_three_fifth  avia-builder-el-first  av-linked-heading'><h2 class='av-special-heading-tag '  itemprop=\"headline\"  >Mietpreise<\/h2><div class=\"special-heading-border\"><div class=\"special-heading-inner-border\"><\/div><\/div><\/div>\n<div  class='flex_column av-l6xpdi-fa66c9c140c87d76f190a5626d84f3c0 av_three_fifth  avia-builder-el-9  el_after_av_heading  avia-builder-el-last  first flex_column_div  '     ><section  class='av_textblock_section av-ls04iqo8-5d4a15d34e856d8ac569b6360e93d10d '   itemscope=\"itemscope\" itemtype=\"https:\/\/schema.org\/CreativeWork\" ><div class='avia_textblock vdlp-checklist'  itemprop=\"text\" ><p>&#8211; Sportlich-komfortables Tourenrad: \u20ac 15,00 pro Tag &#8211; Sportlich-komfortables E-Bike: \u20ac 25,00 pro Tag<strong>Preis f\u00fcr Lieferung und Abholung des Leihfahrrads am Start- und Zielhotel:<\/strong>&#8211; Lieferung und Abholung am Hotel: \u20ac 15,- pro Fahrrad<strong><\/strong><\/p>\n<\/div><\/section><\/div>\n<\/div><\/div><\/div><!-- close content main div --><\/div><\/div><div id='av_section_4'  class='avia-section av-ls04n8tq-17a24599f6919f9c28e7a6b698e810fc main_color avia-section-default avia-no-border-styling  avia-builder-el-11  el_after_av_section  avia-builder-el-last  avia-bg-style-scroll container_wrap fullsize'  ><div class='container av-section-cont-open' ><div class='template-page content  av-content-full alpha units'><div class='post-entry post-entry-type-page post-entry-42338'><div class='entry-content-wrapper clearfix'>\n\n<style type=\"text\/css\" data-created_by=\"avia_inline_auto\" id=\"style-css-av-ls04mgo0-2869c9b2bf8bf0758f8fd495bcfa6368\">\n#top .av-special-heading.av-ls04mgo0-2869c9b2bf8bf0758f8fd495bcfa6368{\npadding-bottom:10px;\n}\nbody .av-special-heading.av-ls04mgo0-2869c9b2bf8bf0758f8fd495bcfa6368 .av-special-heading-tag .heading-char{\nfont-size:25px;\n}\n.av-special-heading.av-ls04mgo0-2869c9b2bf8bf0758f8fd495bcfa6368 .av-subheading{\nfont-size:15px;\n}\n<\/style>\n<div  class='av-special-heading av-ls04mgo0-2869c9b2bf8bf0758f8fd495bcfa6368 av-special-heading-h2 blockquote modern-quote  avia-builder-el-12  el_before_av_three_fifth  avia-builder-el-first  av-linked-heading'><h2 class='av-special-heading-tag '  itemprop=\"headline\"  >Wichtige Informationen<\/h2><div class=\"special-heading-border\"><div class=\"special-heading-inner-border\"><\/div><\/div><\/div>\n<div  class='flex_column av-wvib3q-6d0a08214c8ca3ee8db5ca24c9664e97 av_three_fifth  avia-builder-el-13  el_after_av_heading  avia-builder-el-last  first flex_column_div  '     ><section  class='av_textblock_section av-ls04mtu1-97ed22c4386774595b876b51bddcb04e '   itemscope=\"itemscope\" itemtype=\"https:\/\/schema.org\/CreativeWork\" ><div class='avia_textblock vdlp-checklist'  itemprop=\"text\" ><ol>\n<li>Die Leihfahrr\u00e4der werden am ersten Tag zwischen 09.00 und 10.00 Uhr zum Start-\/Zielhotel geliefert (sehr oft schon am Tag der Ankunft des Mieters) und am Ende der Mietzeit, am letzten Radtag, ab 18.00 Uhr wieder abgeholt.<\/li>\n<li>Bei der Ankunft im Hotel, nach dem Einchecken, muss der Mieter das Fahrrad immer im verschlie\u00dfbaren Abstellraum des Hotels unterbringen, auch am letzten Tag, wenn das Fahrrad am Nachmittag an der Hotelrezeption zur\u00fcckgegeben wird und der Mieter nach Hause f\u00e4hrt. Der Grund daf\u00fcr ist, dass die Leihfahrr\u00e4der nicht immer sofort um 18:00 Uhr abgeholt werden, sondern manchmal erst sp\u00e4ter am Abend oder am n\u00e4chsten Tag. Im Freien geparkte Fahrr\u00e4der sind ein gefundenes Fressen f\u00fcr Diebe.  <\/li>\n<li>Der Mieter ist zu jeder Zeit f\u00fcr das gemietete Fahrrad verantwortlich. Verhindern Sie Diebstahl. Schlie\u00dfen Sie das Fahrrad daher immer doppelt ab, wenn m\u00f6glich an einem Pfosten oder Zaun (mit Kabelschloss).  <\/li>\n<\/ol>\n<\/div><\/section><\/div>\n<\/p>\n","protected":false},"excerpt":{"rendered":"","protected":false},"author":1,"featured_media":0,"parent":0,"menu_order":0,"comment_status":"closed","ping_status":"closed","template":"","meta":{"_acf_changed":false,"footnotes":""},"class_list":["post-42338","page","type-page","status-publish","hentry"],"acf":[],"_links":{"self":[{"href":"https:\/\/www.frieslandhollandtravel.nl\/de\/wp-json\/wp\/v2\/pages\/42338","targetHints":{"allow":["GET"]}}],"collection":[{"href":"https:\/\/www.frieslandhollandtravel.nl\/de\/wp-json\/wp\/v2\/pages"}],"about":[{"href":"https:\/\/www.frieslandhollandtravel.nl\/de\/wp-json\/wp\/v2\/types\/page"}],"author":[{"embeddable":true,"href":"https:\/\/www.frieslandhollandtravel.nl\/de\/wp-json\/wp\/v2\/users\/1"}],"replies":[{"embeddable":true,"href":"https:\/\/www.frieslandhollandtravel.nl\/de\/wp-json\/wp\/v2\/comments?post=42338"}],"version-history":[{"count":0,"href":"https:\/\/www.frieslandhollandtravel.nl\/de\/wp-json\/wp\/v2\/pages\/42338\/revisions"}],"wp:attachment":[{"href":"https:\/\/www.frieslandhollandtravel.nl\/de\/wp-json\/wp\/v2\/media?parent=42338"}],"curies":[{"name":"wp","href":"https:\/\/api.w.org\/{rel}","templated":true}]}}

<style type="text/css" data-created_by="avia_inline_auto" id="style-css-av-ls04gbuz-775f731d1687a56d4c735b239080e7bf">
.avia-section.av-ls04gbuz-775f731d1687a56d4c735b239080e7bf{
background-image:url(https://www.frieslandhollandtravel.nl/wp-content/uploads/2024/01/header-ameland-fietsen.jpg);
background-position:50% 50%;
}
</style>
<div id='av_section_1'  class='avia-section av-ls04gbuz-775f731d1687a56d4c735b239080e7bf avia-section- avia-  avia-builder-el-0  el_before_av_section  avia-builder-el-first  vdlp-header avia-bg-style- container_wrap fullsize'  data-section-bg-repeat=''><div class='container av-section-cont-open' ><main  role="main" itemprop="mainContentOfPage"  class='template-page content  av-content-full alpha units'><div class='post-entry post-entry-type-page post-entry-42338'><div class='entry-content-wrapper clearfix'>
</div></div></main><!-- close content main element --></div></div><div id='av_section_2'  class='avia-section av-34bzf12-d9fd4b63ac993ffc0977f43ccefd7441 main_color avia-section-default avia-no-border-styling  avia-builder-el-1  el_after_av_section  el_before_av_section  avia-bg-style-scroll container_wrap fullsize'  ><div class='container av-section-cont-open' ><div class='template-page content  av-content-full alpha units'><div class='post-entry post-entry-type-page post-entry-42338'><div class='entry-content-wrapper clearfix'>
<div class='flex_column_table av-2ct3oxi-1f5a7be587904bbc20174d5d0aa18ca1 sc-av_three_fifth av-equal-height-column-flextable'>
<style type="text/css" data-created_by="avia_inline_auto" id="style-css-av-2ct3oxi-1f5a7be587904bbc20174d5d0aa18ca1">
.flex_column.av-2ct3oxi-1f5a7be587904bbc20174d5d0aa18ca1{
border-radius:0px 0px 0px 0px;
padding:0px 0px 0px 0px;
}
</style>
<div  class='flex_column av-2ct3oxi-1f5a7be587904bbc20174d5d0aa18ca1 av_three_fifth  avia-builder-el-2  el_before_av_two_fifth  avia-builder-el-first  first flex_column_table_cell av-equal-height-column av-align-top av-zero-column-padding  '     ><p>
<style type="text/css" data-created_by="avia_inline_auto" id="style-css-av-ls04fjjj-ce67ca258bd692b533d6898aaf898d61">
#top .av-special-heading.av-ls04fjjj-ce67ca258bd692b533d6898aaf898d61{
padding-bottom:10px;
}
body .av-special-heading.av-ls04fjjj-ce67ca258bd692b533d6898aaf898d61 .av-special-heading-tag .heading-char{
font-size:25px;
}
.av-special-heading.av-ls04fjjj-ce67ca258bd692b533d6898aaf898d61 .av-subheading{
font-size:15px;
}
</style>
<div  class='av-special-heading av-ls04fjjj-ce67ca258bd692b533d6898aaf898d61 av-special-heading-h1 blockquote modern-quote  avia-builder-el-3  el_before_av_textblock  avia-builder-el-first  av-linked-heading'><h1 class='av-special-heading-tag '  itemprop="headline"  >Fahrradverleih</h1><div class="special-heading-border"><div class="special-heading-inner-border"></div></div></div><br />
<section  class='av_textblock_section av-ls04i85e-c3aeb3dd6a295648a04840b7ddb9c3f3 '   itemscope="itemscope" itemtype="https://schema.org/CreativeWork" ><div class='avia_textblock vdlp-checklist'  itemprop="text" ><p>Wir von Friesland Holland Travel wissen, dass ein unbeschwerter und komfortabler Fahrradurlaub mit den richtigen Mieträdern beginnt. Deshalb bieten wir unseren Gästen einen umfassenden Mietservice für hochwertige Fahrräder an, damit Sie Friesland in seiner ganzen Pracht erkunden können, ohne Ihr eigenes Fahrrad mitschleppen zu müssen. Unsere Leihfahrräder sind nicht einfach irgendwelche Fahrräder, sondern Ihre Begleiter bei der Erkundung der wunderschönen friesischen Landschaft. Was macht unseren Mietservice so besonders? <strong>Lieferung zum Startort:</strong> Ihr Leihfahrrad steht am Startort Ihrer Wahl für Sie bereit. Sie brauchen sich nicht um den Transport Ihres eigenen Fahrrads zu kümmern, alles ist bereits erledigt. Sie können also sofort mit Ihrem Abenteuer beginnen. <strong>Qualität und Komfort:</strong> Unsere Fahrräder sind von höchster Qualität und perfekt gewartet. Egal, ob Sie sich für ein Stadtrad, ein E-Bike oder ein sportliches Tourenrad entscheiden, Sie können sich auf ein komfortables und zuverlässiges Fahrerlebnis verlassen. <strong>Pannenservice:</strong> Wir wissen, dass unerwartete Pannen auftreten können. Sollten Sie unterwegs Probleme mit Ihrem Mietfahrrad haben, machen Sie sich keine Sorgen. Wir haben einen ausgezeichneten Pannendienst, der dafür sorgt, dass Sie schnell wieder auf der Straße sind. Im Falle einer Panne wird Ihnen ein Ersatzrad gebracht, so dass Sie Ihre Reise ohne Unterbrechung fortsetzen können. <strong>Individuelle Anpassung:</strong> Ihr Komfort und Ihre Sicherheit haben für uns Priorität. Deshalb passen wir das Leihfahrrad an Ihren Körper und Ihre Bedürfnisse an und sorgen so für eine perfekte Passform für eine problemlose Fahrradtour. Überlassen Sie es uns, sich um die Details zu kümmern, damit Sie sich darauf konzentrieren können, diesen schönen Teil der Niederlande zu genießen. Entscheiden Sie sich für Bequemlichkeit, Qualität und Komfort &#8211; wählen Sie unsere Mietfahrräder bei Friesland Holland Travel. Entdecken Sie Friesland in Ihrem eigenen Tempo und lassen Sie sich von der Schönheit dieses einzigartigen Reiseziels überraschen.</p>
</div></section></p></div><div class='av-flex-placeholder'></div><div  class='flex_column av-25c66za-f1c9f98473d10f7ca4f2408ae85762b5 av_two_fifth  avia-builder-el-5  el_after_av_three_fifth  avia-builder-el-last  flex_column_table_cell av-equal-height-column av-align-top  '     ></div></div><!--close column table wrapper. Autoclose: 1 -->

<p></div></div></div><!-- close content main div --></div></div>
<style type="text/css" data-created_by="avia_inline_auto" id="style-css-av-12d1xme-05326a40170ab091c8a2ef5fb36122f3">
.avia-section.av-12d1xme-05326a40170ab091c8a2ef5fb36122f3{
background-color:#edf4fb;
background-image:unset;
}
</style>
<div id='av_section_3'  class='avia-section av-12d1xme-05326a40170ab091c8a2ef5fb36122f3 main_color avia-section-default avia-no-border-styling  avia-builder-el-7  el_after_av_section  el_before_av_section  avia-bg-style-scroll container_wrap fullsize'  ><div class='container av-section-cont-open' ><div class='template-page content  av-content-full alpha units'><div class='post-entry post-entry-type-page post-entry-42338'><div class='entry-content-wrapper clearfix'>

<style type="text/css" data-created_by="avia_inline_auto" id="style-css-av-ls04iwwj-c6fce8e907d037ce42b7d4f8b6351e58">
#top .av-special-heading.av-ls04iwwj-c6fce8e907d037ce42b7d4f8b6351e58{
padding-bottom:10px;
}
body .av-special-heading.av-ls04iwwj-c6fce8e907d037ce42b7d4f8b6351e58 .av-special-heading-tag .heading-char{
font-size:25px;
}
.av-special-heading.av-ls04iwwj-c6fce8e907d037ce42b7d4f8b6351e58 .av-subheading{
font-size:15px;
}
</style>
<div  class='av-special-heading av-ls04iwwj-c6fce8e907d037ce42b7d4f8b6351e58 av-special-heading-h2 blockquote modern-quote  avia-builder-el-8  el_before_av_three_fifth  avia-builder-el-first  av-linked-heading'><h2 class='av-special-heading-tag '  itemprop="headline"  >Mietpreise</h2><div class="special-heading-border"><div class="special-heading-inner-border"></div></div></div>
<div  class='flex_column av-l6xpdi-fa66c9c140c87d76f190a5626d84f3c0 av_three_fifth  avia-builder-el-9  el_after_av_heading  avia-builder-el-last  first flex_column_div  '     ><section  class='av_textblock_section av-ls04iqo8-5d4a15d34e856d8ac569b6360e93d10d '   itemscope="itemscope" itemtype="https://schema.org/CreativeWork" ><div class='avia_textblock vdlp-checklist'  itemprop="text" ><p>&#8211; Sportlich-komfortables Tourenrad: € 15,00 pro Tag &#8211; Sportlich-komfortables E-Bike: € 25,00 pro Tag<strong>Preis für Lieferung und Abholung des Leihfahrrads am Start- und Zielhotel:</strong>&#8211; Lieferung und Abholung am Hotel: € 15,- pro Fahrrad<strong></strong></p>
</div></section></div>
</div></div></div><!-- close content main div --></div></div><div id='av_section_4'  class='avia-section av-ls04n8tq-17a24599f6919f9c28e7a6b698e810fc main_color avia-section-default avia-no-border-styling  avia-builder-el-11  el_after_av_section  avia-builder-el-last  avia-bg-style-scroll container_wrap fullsize'  ><div class='container av-section-cont-open' ><div class='template-page content  av-content-full alpha units'><div class='post-entry post-entry-type-page post-entry-42338'><div class='entry-content-wrapper clearfix'>

<style type="text/css" data-created_by="avia_inline_auto" id="style-css-av-ls04mgo0-2869c9b2bf8bf0758f8fd495bcfa6368">
#top .av-special-heading.av-ls04mgo0-2869c9b2bf8bf0758f8fd495bcfa6368{
padding-bottom:10px;
}
body .av-special-heading.av-ls04mgo0-2869c9b2bf8bf0758f8fd495bcfa6368 .av-special-heading-tag .heading-char{
font-size:25px;
}
.av-special-heading.av-ls04mgo0-2869c9b2bf8bf0758f8fd495bcfa6368 .av-subheading{
font-size:15px;
}
</style>
<div  class='av-special-heading av-ls04mgo0-2869c9b2bf8bf0758f8fd495bcfa6368 av-special-heading-h2 blockquote modern-quote  avia-builder-el-12  el_before_av_three_fifth  avia-builder-el-first  av-linked-heading'><h2 class='av-special-heading-tag '  itemprop="headline"  >Wichtige Informationen</h2><div class="special-heading-border"><div class="special-heading-inner-border"></div></div></div>
<div  class='flex_column av-wvib3q-6d0a08214c8ca3ee8db5ca24c9664e97 av_three_fifth  avia-builder-el-13  el_after_av_heading  avia-builder-el-last  first flex_column_div  '     ><section  class='av_textblock_section av-ls04mtu1-97ed22c4386774595b876b51bddcb04e '   itemscope="itemscope" itemtype="https://schema.org/CreativeWork" ><div class='avia_textblock vdlp-checklist'  itemprop="text" ><ol>
<li>Die Leihfahrräder werden am ersten Tag zwischen 09.00 und 10.00 Uhr zum Start-/Zielhotel geliefert (sehr oft schon am Tag der Ankunft des Mieters) und am Ende der Mietzeit, am letzten Radtag, ab 18.00 Uhr wieder abgeholt.</li>
<li>Bei der Ankunft im Hotel, nach dem Einchecken, muss der Mieter das Fahrrad immer im verschließbaren Abstellraum des Hotels unterbringen, auch am letzten Tag, wenn das Fahrrad am Nachmittag an der Hotelrezeption zurückgegeben wird und der Mieter nach Hause fährt. Der Grund dafür ist, dass die Leihfahrräder nicht immer sofort um 18:00 Uhr abgeholt werden, sondern manchmal erst später am Abend oder am nächsten Tag. Im Freien geparkte Fahrräder sind ein gefundenes Fressen für Diebe.  </li>
<li>Der Mieter ist zu jeder Zeit für das gemietete Fahrrad verantwortlich. Verhindern Sie Diebstahl. Schließen Sie das Fahrrad daher immer doppelt ab, wenn möglich an einem Pfosten oder Zaun (mit Kabelschloss).  </li>
</ol>
</div></section></div>
</p>
